{"id":787,"date":"2020-10-16T07:10:00","date_gmt":"2020-10-16T07:10:00","guid":{"rendered":"https:\/\/seksissach.ch\/v4\/?page_id=787"},"modified":"2023-08-09T14:18:07","modified_gmt":"2023-08-09T12:18:07","slug":"ipad-one2one","status":"publish","type":"page","link":"https:\/\/seksissach.ch\/v4\/ipad-one2one\/","title":{"rendered":"iPad (one2one)"},"content":{"rendered":"\n<p>Seit dem Sommer 2020 werden die in unsere Schule eintretenden Lernenden mit einem pers\u00f6nlichen iPad der Schule ausgestattet. Diese digitalen Lernbegleiter dienen als Unterst\u00fctzung beim Lernen. Die 1:1 Ausstattung (kurz one2one) erm\u00f6glicht auch einen spontanen Einsatz der Ger\u00e4te im Unterricht, da jedes Kind ein pers\u00f6nliches Ger\u00e4t besitzt.<\/p>\n\n\n\n<p>Auf dieser Seite findest du Informationen und Hilfen rund um dein iPad.<\/p>\n\n\n\n<p>N\u00fctzliche Seiten:<\/p>\n\n\n\n<ul class=\"wp-block-list\">\n<li><a href=\"https:\/\/seksissach.ch\/v4\/support-ablauf-bei-problemen-mit-dem-ipad-der-schule\/\">Support-Ablauf bei Problemen mit dem iPad der Schule<\/a><\/li>\n\n\n\n<li><a href=\"https:\/\/seksissach.ch\/v4\/first-responder-ipad\/\">First Responder iPad<\/a><\/li>\n\n\n\n<li><a href=\"https:\/\/seksissach.ch\/v4\/download\/nutzungsregeln-ipad-lernende\/\">Fachweisung iPad Lernende<\/a><\/li>\n<\/ul>\n","protected":false},"excerpt":{"rendered":"<p>Seit dem Sommer 2020 werden die in unsere Schule eintretenden Lernenden mit einem pers\u00f6nlichen iPad der Schule ausgestattet. Diese digitalen Lernbegleiter dienen als Unterst\u00fctzung beim Lernen. Die 1:1 Ausstattung (kurz one2one) erm\u00f6glicht auch einen spontanen Einsatz der Ger\u00e4te im Unterricht, da jedes Kind ein pers\u00f6nliches Ger\u00e4t besitzt. Auf dieser Seite findest du Informationen und Hilfen &hellip; <\/p>\n<p class=\"link-more\"><a href=\"https:\/\/seksissach.ch\/v4\/ipad-one2one\/\" class=\"more-link\"><span class=\"screen-reader-text\">\u201eiPad (one2one)\u201c <\/span>weiterlesen<\/a><\/p>\n","protected":false},"author":2,"featured_media":788,"parent":0,"menu_order":0,"comment_status":"closed","ping_status":"closed","template":"","meta":{"pagelayer_contact_templates":[],"_pagelayer_content":"","footnotes":""},"class_list":["post-787","page","type-page","status-publish","has-post-thumbnail","hentry"],"_links":{"self":[{"href":"https:\/\/seksissach.ch\/v4\/wp-json\/wp\/v2\/pages\/787","targetHints":{"allow":["GET"]}}],"collection":[{"href":"https:\/\/seksissach.ch\/v4\/wp-json\/wp\/v2\/pages"}],"about":[{"href":"https:\/\/seksissach.ch\/v4\/wp-json\/wp\/v2\/types\/page"}],"author":[{"embeddable":true,"href":"https:\/\/seksissach.ch\/v4\/wp-json\/wp\/v2\/users\/2"}],"replies":[{"embeddable":true,"href":"https:\/\/seksissach.ch\/v4\/wp-json\/wp\/v2\/comments?post=787"}],"version-history":[{"count":4,"href":"https:\/\/seksissach.ch\/v4\/wp-json\/wp\/v2\/pages\/787\/revisions"}],"predecessor-version":[{"id":2086,"href":"https:\/\/seksissach.ch\/v4\/wp-json\/wp\/v2\/pages\/787\/revisions\/2086"}],"wp:featuredmedia":[{"embeddable":true,"href":"https:\/\/seksissach.ch\/v4\/wp-json\/wp\/v2\/media\/788"}],"wp:attachment":[{"href":"https:\/\/seksissach.ch\/v4\/wp-json\/wp\/v2\/media?parent=787"}],"curies":[{"name":"wp","href":"https:\/\/api.w.org\/{rel}","templated":true}]}}