{"id":728,"date":"2020-10-13T12:26:26","date_gmt":"2020-10-13T12:26:26","guid":{"rendered":"https:\/\/seksissach.ch\/v4\/?page_id=728"},"modified":"2021-01-20T00:07:50","modified_gmt":"2021-01-19T23:07:50","slug":"faq-haeufige-fragen","status":"publish","type":"page","link":"https:\/\/seksissach.ch\/v4\/faq-haeufige-fragen\/","title":{"rendered":"FAQ &#8211; H\u00e4ufige Fragen"},"content":{"rendered":"\n<p>Auf dieser Seite findest du eine Sammlung der h\u00e4ufigsten Fragen rund um die Informatik an unserer Schule.<\/p>\n\n\n\n<p><strong>Bereich Email<\/strong><br><a href=\"https:\/\/seksissach.ch\/v4\/ich-kann-mich-nicht-in-mein-mailkonto-einloggen\/\">Ich kann mich nicht in mein Mailkonto einloggen.<\/a><\/p>\n\n\n\n<p><strong>Bereich Drucker:<\/strong><br><a href=\"https:\/\/seksissach.ch\/v4\/der-drucker-druckt-keine-auftraege-mehr\/\">Der Drucker druckt keine Auftr\u00e4ge mehr<\/a><\/p>\n\n\n\n<p>Die FAQs werden laufend aufgrund von R\u00fcckmeldungen und Fragen im Alltag erweitert. Themenvorschl\u00e4ge nimmt der technische ICT Support gerne entgegen, verweist aber auch in bestimmten F\u00e4llen auf das <a href=\"https:\/\/seksissach.ch\/v4\/anleitungen\/\">Anleitungsportal<\/a> von IT.SBL.<\/p>\n","protected":false},"excerpt":{"rendered":"<p>Auf dieser Seite findest du eine Sammlung der h\u00e4ufigsten Fragen rund um die Informatik an unserer Schule. Bereich EmailIch kann mich nicht in mein Mailkonto einloggen. Bereich Drucker:Der Drucker druckt keine Auftr\u00e4ge mehr Die FAQs werden laufend aufgrund von R\u00fcckmeldungen und Fragen im Alltag erweitert. Themenvorschl\u00e4ge nimmt der technische ICT Support gerne entgegen, verweist aber &hellip; <\/p>\n<p class=\"link-more\"><a href=\"https:\/\/seksissach.ch\/v4\/faq-haeufige-fragen\/\" class=\"more-link\"><span class=\"screen-reader-text\">\u201eFAQ &#8211; H\u00e4ufige Fragen\u201c <\/span>weiterlesen<\/a><\/p>\n","protected":false},"author":2,"featured_media":228,"parent":0,"menu_order":0,"comment_status":"closed","ping_status":"closed","template":"","meta":{"pagelayer_contact_templates":[],"_pagelayer_content":"","footnotes":""},"class_list":["post-728","page","type-page","status-publish","has-post-thumbnail","hentry"],"_links":{"self":[{"href":"https:\/\/seksissach.ch\/v4\/wp-json\/wp\/v2\/pages\/728","targetHints":{"allow":["GET"]}}],"collection":[{"href":"https:\/\/seksissach.ch\/v4\/wp-json\/wp\/v2\/pages"}],"about":[{"href":"https:\/\/seksissach.ch\/v4\/wp-json\/wp\/v2\/types\/page"}],"author":[{"embeddable":true,"href":"https:\/\/seksissach.ch\/v4\/wp-json\/wp\/v2\/users\/2"}],"replies":[{"embeddable":true,"href":"https:\/\/seksissach.ch\/v4\/wp-json\/wp\/v2\/comments?post=728"}],"version-history":[{"count":5,"href":"https:\/\/seksissach.ch\/v4\/wp-json\/wp\/v2\/pages\/728\/revisions"}],"predecessor-version":[{"id":1332,"href":"https:\/\/seksissach.ch\/v4\/wp-json\/wp\/v2\/pages\/728\/revisions\/1332"}],"wp:featuredmedia":[{"embeddable":true,"href":"https:\/\/seksissach.ch\/v4\/wp-json\/wp\/v2\/media\/228"}],"wp:attachment":[{"href":"https:\/\/seksissach.ch\/v4\/wp-json\/wp\/v2\/media?parent=728"}],"curies":[{"name":"wp","href":"https:\/\/api.w.org\/{rel}","templated":true}]}}