{"id":660,"date":"2020-10-02T13:30:16","date_gmt":"2020-10-02T13:30:16","guid":{"rendered":"https:\/\/seksissach.ch\/v4\/?page_id=660"},"modified":"2022-11-22T23:59:59","modified_gmt":"2022-11-22T22:59:59","slug":"spezielle-foerderung","status":"publish","type":"page","link":"https:\/\/seksissach.ch\/v4\/spezielle-foerderung\/","title":{"rendered":"Spezielle F\u00f6rderung"},"content":{"rendered":"<p>[pl_row]<br>\n[pl_col col=12]<br>\n[pl_text]<\/p>\n\n\n<p>Die Spezielle F\u00f6rderung ist seit vielen Jahren ein wichtiger Bestandteil unserer Schulkultur. Derzeit umfasst die Spezielle F\u00f6rderung folgende Angebote:&nbsp;<\/p>\n\n\n\n<ul class=\"wp-block-list\">\n<li><strong>Fremdsprachenklasse&nbsp;<\/strong><\/li>\n\n\n\n<li><strong>Deutsch als Zweitsprache<\/strong><\/li>\n\n\n\n<li><strong>F\u00f6rderunterricht<\/strong><\/li>\n\n\n\n<li><strong>Integrative Schulische F\u00f6rderung&nbsp;<\/strong><\/li>\n\n\n\n<li><strong>Leistungssportf\u00f6rderung<\/strong>&nbsp;<\/li>\n<\/ul>\n\n\n\n<p>Massnahmen der Speziellen F\u00f6rderung setzen oft eine vorg\u00e4ngige Abkl\u00e4rung und Indikation durch die Fachstellen voraus.Abkl\u00e4rende Fachstellen sind der Schulpsychologische Dienst (SPD) sowie die Kinder- und Jugendpsychatrie Baselland (KJP).Ferner f\u00fchren wir eine Klasse im Rahmen der Integrativen Sonderschulung (INSO).Das Kompetenzzentrum f\u00fcr die INSO-Klasse ist die Heilp\u00e4dagogische Zentrum (HPZ) Baselland.\u00a0Die Stabstelle Spezielle F\u00f6rderung dient als Ansprechsperson bei Fragen zur Speziellen F\u00f6rderung. Derzeit bekleidet Johanna Gayring dieses Amt. Sie ist erreichbar unter\u00a0<a href=\"mailto:johanna.gayring@sbl.ch.\"><\/a><a href=\"mailto:johanna.gayring@sbl.ch\">johanna.gayring@sbl.ch<\/a>.<br><br><strong>Verantwortliche Stabstelle Spezielle F\u00f6rderung:<\/strong><br>Johanna Gayring<\/p>\n\n\n\n<figure class=\"wp-block-gallery has-nested-images columns-default wp-block-gallery-1 is-layout-flex wp-block-gallery-is-layout-flex\">\n<figure class=\"wp-block-image size-large\"><img loading=\"lazy\" decoding=\"async\" width=\"1024\" height=\"1005\" data-id=\"661\" src=\"https:\/\/seksissach.ch\/v4\/wp-content\/uploads\/2020\/10\/Inklusion2-1024x1005.png\" alt=\"\" class=\"wp-image-661\" srcset=\"https:\/\/seksissach.ch\/v4\/wp-content\/uploads\/2020\/10\/Inklusion2-1024x1005.png 1024w, https:\/\/seksissach.ch\/v4\/wp-content\/uploads\/2020\/10\/Inklusion2-300x294.png 300w, https:\/\/seksissach.ch\/v4\/wp-content\/uploads\/2020\/10\/Inklusion2-768x754.png 768w, https:\/\/seksissach.ch\/v4\/wp-content\/uploads\/2020\/10\/Inklusion2.png 1172w\" sizes=\"auto, (max-width: 767px) 89vw, (max-width: 1000px) 54vw, (max-width: 1071px) 543px, 580px\" \/><\/figure>\n<\/figure>\n\n\n<p>[\/pl_text]<br>\n[\/pl_col]<br>\n[\/pl_row]<\/p>","protected":false},"excerpt":{"rendered":"<p>[pl_row] [pl_col col=12] [pl_text] Die Spezielle F\u00f6rderung ist seit vielen Jahren ein wichtiger Bestandteil unserer Schulkultur. Derzeit umfasst die Spezielle F\u00f6rderung folgende Angebote:&nbsp; Massnahmen der Speziellen F\u00f6rderung setzen oft eine vorg\u00e4ngige Abkl\u00e4rung und Indikation durch die Fachstellen voraus.Abkl\u00e4rende Fachstellen sind der Schulpsychologische Dienst (SPD) sowie die Kinder- und Jugendpsychatrie Baselland (KJP).Ferner f\u00fchren wir eine Klasse &hellip; <\/p>\n<p class=\"link-more\"><a href=\"https:\/\/seksissach.ch\/v4\/spezielle-foerderung\/\" class=\"more-link\"><span class=\"screen-reader-text\">\u201eSpezielle F\u00f6rderung\u201c <\/span>weiterlesen<\/a><\/p>\n","protected":false},"author":2,"featured_media":662,"parent":0,"menu_order":0,"comment_status":"closed","ping_status":"closed","template":"","meta":{"pagelayer_contact_templates":[],"_pagelayer_content":"","footnotes":""},"class_list":["post-660","page","type-page","status-publish","has-post-thumbnail","hentry"],"_links":{"self":[{"href":"https:\/\/seksissach.ch\/v4\/wp-json\/wp\/v2\/pages\/660","targetHints":{"allow":["GET"]}}],"collection":[{"href":"https:\/\/seksissach.ch\/v4\/wp-json\/wp\/v2\/pages"}],"about":[{"href":"https:\/\/seksissach.ch\/v4\/wp-json\/wp\/v2\/types\/page"}],"author":[{"embeddable":true,"href":"https:\/\/seksissach.ch\/v4\/wp-json\/wp\/v2\/users\/2"}],"replies":[{"embeddable":true,"href":"https:\/\/seksissach.ch\/v4\/wp-json\/wp\/v2\/comments?post=660"}],"version-history":[{"count":5,"href":"https:\/\/seksissach.ch\/v4\/wp-json\/wp\/v2\/pages\/660\/revisions"}],"predecessor-version":[{"id":1978,"href":"https:\/\/seksissach.ch\/v4\/wp-json\/wp\/v2\/pages\/660\/revisions\/1978"}],"wp:featuredmedia":[{"embeddable":true,"href":"https:\/\/seksissach.ch\/v4\/wp-json\/wp\/v2\/media\/662"}],"wp:attachment":[{"href":"https:\/\/seksissach.ch\/v4\/wp-json\/wp\/v2\/media?parent=660"}],"curies":[{"name":"wp","href":"https:\/\/api.w.org\/{rel}","templated":true}]}}