{"id":404,"date":"2020-09-15T06:49:16","date_gmt":"2020-09-15T06:49:16","guid":{"rendered":"https:\/\/seksissach.ch\/v4\/?page_id=404"},"modified":"2022-12-01T17:27:30","modified_gmt":"2022-12-01T16:27:30","slug":"jugendprojekt-lift","status":"publish","type":"page","link":"https:\/\/seksissach.ch\/v4\/jugendprojekt-lift\/","title":{"rendered":"Jugendprojekt LiFT"},"content":{"rendered":"\n<p>Das Jugendprojekt LiFT f\u00fchrt Jugendliche mit erschwerten Voraussetzungen mit geeigneter Unterst\u00fctzung in die Arbeitswelt oder in eine zielgerichtete Anschlussl\u00f6sung. F\u00fcr einen direkten \u00dcbertritt von der Volksschule in die Erwerbst\u00e4tigkeit werden mit LiFT bessere Voraussetzungen geschaffen und Jugendarbeitslosigkeit verhindert.<br>In einem Betrieb im Einzugsgebiet der Schule verrichten LiFT-Jugendliche ab 13 Jahren in der schulfreien Zeit w\u00e4hrend 2 \u2013 3 Stunden pro Woche einfache Arbeiten. Sie arbeiten regelm\u00e4ssig und mindestens drei Monate im gleichen Betrieb und werden durch die LiFT-Lehrpersonen begleitet. An diesen WAP (Wochenarbeitspl\u00e4tzen) sammeln die Sch\u00fclerinnen und Sch\u00fcler wichtige und praktische Erfahrungen und erhalten f\u00fcr ihre T\u00e4tigkeit ein Entgelt von Fr. 5.- bis 8.- pro Stunde.\u00a0<br><br><strong>Unser LiFT-Team:<\/strong> <br>Christina Meier und Sandra Meyer<\/p>\n","protected":false},"excerpt":{"rendered":"<p>Das Jugendprojekt LiFT f\u00fchrt Jugendliche mit erschwerten Voraussetzungen mit geeigneter Unterst\u00fctzung in die Arbeitswelt oder in eine zielgerichtete Anschlussl\u00f6sung. F\u00fcr einen direkten \u00dcbertritt von der Volksschule in die Erwerbst\u00e4tigkeit werden mit LiFT bessere Voraussetzungen geschaffen und Jugendarbeitslosigkeit verhindert.In einem Betrieb im Einzugsgebiet der Schule verrichten LiFT-Jugendliche ab 13 Jahren in der schulfreien Zeit w\u00e4hrend 2 &hellip; <\/p>\n<p class=\"link-more\"><a href=\"https:\/\/seksissach.ch\/v4\/jugendprojekt-lift\/\" class=\"more-link\"><span class=\"screen-reader-text\">\u201eJugendprojekt LiFT\u201c <\/span>weiterlesen<\/a><\/p>\n","protected":false},"author":2,"featured_media":700,"parent":0,"menu_order":0,"comment_status":"closed","ping_status":"closed","template":"","meta":{"pagelayer_contact_templates":[],"_pagelayer_content":"","footnotes":""},"class_list":["post-404","page","type-page","status-publish","has-post-thumbnail","hentry"],"_links":{"self":[{"href":"https:\/\/seksissach.ch\/v4\/wp-json\/wp\/v2\/pages\/404","targetHints":{"allow":["GET"]}}],"collection":[{"href":"https:\/\/seksissach.ch\/v4\/wp-json\/wp\/v2\/pages"}],"about":[{"href":"https:\/\/seksissach.ch\/v4\/wp-json\/wp\/v2\/types\/page"}],"author":[{"embeddable":true,"href":"https:\/\/seksissach.ch\/v4\/wp-json\/wp\/v2\/users\/2"}],"replies":[{"embeddable":true,"href":"https:\/\/seksissach.ch\/v4\/wp-json\/wp\/v2\/comments?post=404"}],"version-history":[{"count":5,"href":"https:\/\/seksissach.ch\/v4\/wp-json\/wp\/v2\/pages\/404\/revisions"}],"predecessor-version":[{"id":1989,"href":"https:\/\/seksissach.ch\/v4\/wp-json\/wp\/v2\/pages\/404\/revisions\/1989"}],"wp:featuredmedia":[{"embeddable":true,"href":"https:\/\/seksissach.ch\/v4\/wp-json\/wp\/v2\/media\/700"}],"wp:attachment":[{"href":"https:\/\/seksissach.ch\/v4\/wp-json\/wp\/v2\/media?parent=404"}],"curies":[{"name":"wp","href":"https:\/\/api.w.org\/{rel}","templated":true}]}}