{"id":355,"date":"2020-09-11T09:25:00","date_gmt":"2020-09-11T09:25:00","guid":{"rendered":"https:\/\/seksissach.ch\/v4\/?page_id=355"},"modified":"2020-09-11T09:51:02","modified_gmt":"2020-09-11T09:51:02","slug":"lernraum","status":"publish","type":"page","link":"https:\/\/seksissach.ch\/v4\/lernraum\/","title":{"rendered":"Lernraum: Informationen f\u00fcr Lernende"},"content":{"rendered":"\n<p><em>Lieber Sch\u00fcler, liebe Sch\u00fclerin<\/em><br><em>Hast du Probleme oder Fragen bei einem Thema, in einem Fach oder bei den Hausaufgaben?&nbsp;<\/em><br><em>Musst du etwas nacharbeiten oder stoffliche L\u00fccken schliessen?<\/em><br><em>M\u00f6chtest du dich in Ruhe auf eine Pr\u00fcfung vorbereiten oder brauchst du zus\u00e4tzliches \u00dcbungsmaterial?<\/em><br><em>Musst du einen Vortrag oder ein Projekt vorbereiten und brauchst daf\u00fcr den Computer, den Drucker oder B\u00fccher?<\/em><br><em>Oder m\u00f6chtest du mit anderen zusammen Hausaufgaben machen?<\/em><br><em>Dann stehen dir der Lernraum und die Lerncoaches gerne zur Verf\u00fcgung.<\/em><br><em>Der Lernraum findet im Lesezentrum statt, du kannst also die ganze Einrichtung nutzen,&nbsp; d. h. auch B\u00fccher ben\u00fctzen oder ausleihen.<\/em><br><em>Schau doch einfach mal herein, eine Voranmeldung ist nicht erforderlich. Du kannst selber entscheiden, wann du eintreten willst und wie lange du bleiben willst.<\/em><br><em>Wir freuen uns auf deinen Besuch und helfen dir gerne.<\/em><br><br><em>Also bis bald!&nbsp;&nbsp;&nbsp;&nbsp;&nbsp;&nbsp;&nbsp;&nbsp;<\/em><br><em>Deine <a href=\"http:\/\/\u00f6ffn\">Lerncoaches<\/a><\/em><\/p>\n\n\n\n<p><a href=\"https:\/\/seksissach.ch\/v4\/oeffnungszeiten-coaches\/\" data-type=\"page\" data-id=\"367\">\u00d6ffnungszeiten und Coaches<\/a> des Lernraums.<\/p>\n\n\n\n<p style=\"font-size:9px\">Titelbild: pixabay.com<\/p>\n","protected":false},"excerpt":{"rendered":"<p>Lieber Sch\u00fcler, liebe Sch\u00fclerinHast du Probleme oder Fragen bei einem Thema, in einem Fach oder bei den Hausaufgaben?&nbsp;Musst du etwas nacharbeiten oder stoffliche L\u00fccken schliessen?M\u00f6chtest du dich in Ruhe auf eine Pr\u00fcfung vorbereiten oder brauchst du zus\u00e4tzliches \u00dcbungsmaterial?Musst du einen Vortrag oder ein Projekt vorbereiten und brauchst daf\u00fcr den Computer, den Drucker oder B\u00fccher?Oder m\u00f6chtest &hellip; <\/p>\n<p class=\"link-more\"><a href=\"https:\/\/seksissach.ch\/v4\/lernraum\/\" class=\"more-link\"><span class=\"screen-reader-text\">\u201eLernraum: Informationen f\u00fcr Lernende\u201c <\/span>weiterlesen<\/a><\/p>\n","protected":false},"author":2,"featured_media":361,"parent":0,"menu_order":0,"comment_status":"closed","ping_status":"closed","template":"","meta":{"pagelayer_contact_templates":[],"_pagelayer_content":"","footnotes":""},"class_list":["post-355","page","type-page","status-publish","has-post-thumbnail","hentry"],"_links":{"self":[{"href":"https:\/\/seksissach.ch\/v4\/wp-json\/wp\/v2\/pages\/355","targetHints":{"allow":["GET"]}}],"collection":[{"href":"https:\/\/seksissach.ch\/v4\/wp-json\/wp\/v2\/pages"}],"about":[{"href":"https:\/\/seksissach.ch\/v4\/wp-json\/wp\/v2\/types\/page"}],"author":[{"embeddable":true,"href":"https:\/\/seksissach.ch\/v4\/wp-json\/wp\/v2\/users\/2"}],"replies":[{"embeddable":true,"href":"https:\/\/seksissach.ch\/v4\/wp-json\/wp\/v2\/comments?post=355"}],"version-history":[{"count":5,"href":"https:\/\/seksissach.ch\/v4\/wp-json\/wp\/v2\/pages\/355\/revisions"}],"predecessor-version":[{"id":384,"href":"https:\/\/seksissach.ch\/v4\/wp-json\/wp\/v2\/pages\/355\/revisions\/384"}],"wp:featuredmedia":[{"embeddable":true,"href":"https:\/\/seksissach.ch\/v4\/wp-json\/wp\/v2\/media\/361"}],"wp:attachment":[{"href":"https:\/\/seksissach.ch\/v4\/wp-json\/wp\/v2\/media?parent=355"}],"curies":[{"name":"wp","href":"https:\/\/api.w.org\/{rel}","templated":true}]}}