{"id":2485,"date":"2025-08-19T07:51:38","date_gmt":"2025-08-19T05:51:38","guid":{"rendered":"https:\/\/seksissach.ch\/v4\/?page_id=2485"},"modified":"2025-08-19T07:51:38","modified_gmt":"2025-08-19T05:51:38","slug":"digitaler-einstieg-fuer-lehrpersonen","status":"publish","type":"page","link":"https:\/\/seksissach.ch\/v4\/digitaler-einstieg-fuer-lehrpersonen\/","title":{"rendered":"Digitaler Einstieg f\u00fcr Lehrpersonen"},"content":{"rendered":"\n<p>In der Wissensdatenbank von IT.SBL findest du eine gute \u00dcbersicht zu Anleitungen f\u00fcr deinen pers\u00f6nlichen Einstieg ins digitale Arbeiten an unserer Schule.<\/p>\n\n\n\n<p>Link: <a href=\"https:\/\/bit.ly\/LP-digi-start\">https:\/\/bit.ly\/LP-digi-start<\/a> (Login notwendig)<\/p>\n\n\n\n<p><\/p>\n","protected":false},"excerpt":{"rendered":"<p>In der Wissensdatenbank von IT.SBL findest du eine gute \u00dcbersicht zu Anleitungen f\u00fcr deinen pers\u00f6nlichen Einstieg ins digitale Arbeiten an unserer Schule. Link: https:\/\/bit.ly\/LP-digi-start (Login notwendig)<\/p>\n","protected":false},"author":2,"featured_media":0,"parent":0,"menu_order":0,"comment_status":"closed","ping_status":"closed","template":"","meta":{"pagelayer_contact_templates":[],"_pagelayer_content":"","footnotes":""},"class_list":["post-2485","page","type-page","status-publish","hentry"],"_links":{"self":[{"href":"https:\/\/seksissach.ch\/v4\/wp-json\/wp\/v2\/pages\/2485","targetHints":{"allow":["GET"]}}],"collection":[{"href":"https:\/\/seksissach.ch\/v4\/wp-json\/wp\/v2\/pages"}],"about":[{"href":"https:\/\/seksissach.ch\/v4\/wp-json\/wp\/v2\/types\/page"}],"author":[{"embeddable":true,"href":"https:\/\/seksissach.ch\/v4\/wp-json\/wp\/v2\/users\/2"}],"replies":[{"embeddable":true,"href":"https:\/\/seksissach.ch\/v4\/wp-json\/wp\/v2\/comments?post=2485"}],"version-history":[{"count":1,"href":"https:\/\/seksissach.ch\/v4\/wp-json\/wp\/v2\/pages\/2485\/revisions"}],"predecessor-version":[{"id":2486,"href":"https:\/\/seksissach.ch\/v4\/wp-json\/wp\/v2\/pages\/2485\/revisions\/2486"}],"wp:attachment":[{"href":"https:\/\/seksissach.ch\/v4\/wp-json\/wp\/v2\/media?parent=2485"}],"curies":[{"name":"wp","href":"https:\/\/api.w.org\/{rel}","templated":true}]}}