{"id":2176,"date":"2024-02-09T16:54:18","date_gmt":"2024-02-09T15:54:18","guid":{"rendered":"https:\/\/seksissach.ch\/v4\/?page_id=2176"},"modified":"2025-03-27T16:36:56","modified_gmt":"2025-03-27T15:36:56","slug":"die-insel-ein-time-in-angebot","status":"publish","type":"page","link":"https:\/\/seksissach.ch\/v4\/die-insel-ein-time-in-angebot\/","title":{"rendered":"Die Insel \u2013 ein Time-in-Angebot\u00a0"},"content":{"rendered":"\n<p class=\"has-vivid-red-color has-cyan-bluish-gray-background-color has-text-color has-background\"><em><strong>Die Insel \u2013 Sek. Sissach<\/strong><\/em>&nbsp;ist ein&nbsp;Time-in-Angebot f\u00fcr Sch\u00fclerinnen und Sch\u00fcler, die aus unterschiedlichen Gr\u00fcnden nicht am regul\u00e4ren Unterricht teilnehmen.&nbsp;&nbsp;&nbsp;&nbsp;&nbsp;&nbsp;&nbsp;&nbsp;<strong>&nbsp;&nbsp;&nbsp;&nbsp;&nbsp;&nbsp;&nbsp;&nbsp;&nbsp;&nbsp;&nbsp;&nbsp;&nbsp;&nbsp;&nbsp;&nbsp;&nbsp;&nbsp;&nbsp;&nbsp;&nbsp;&nbsp;&nbsp;<\/strong><\/p>\n\n\n\n<p><strong><em>Was ist die Insel?<\/em><\/strong><\/p>\n\n\n\n<p>Die \u00abInsel\u00bb ist eine Erg\u00e4nzung der p\u00e4dagogischen Massnahmen und zum vorhandenen Disziplinarkonzept. Sie soll die Klassen, die Sch\u00fclerinnen und Sch\u00fcler und die Lehrpersonen entlasten, indem sie eine kurzfristige Verschnaufpause m\u00f6glich macht.&nbsp;<\/p>\n\n\n\n<p>Sie bietet f\u00fcr die Sch\u00fcler und Sch\u00fclerinnen eine M\u00f6glichkeit, zur Ruhe zu kommen. Dort sollen sie auch die M\u00f6glichkeit erhalten, ihr Verhalten im Unterricht zu reflektieren und sich mit sich selbst auseinanderzusetzen. Dabei werden sie durch die Sozialp\u00e4dagoginnen und Sozialp\u00e4dagogen unterst\u00fctzt, die die&nbsp;\u00abInsel\u00bb&nbsp;betreuen.<\/p>\n\n\n\n<p>F\u00fcr die Sch\u00fclerinnen und Sch\u00fcler findet kein Schulausschluss statt, sondern eine zeitlich begrenzte Betreuung in einem Klassenzimmer, bei der es verst\u00e4rkt um Unterst\u00fctzung und Beratung der Sch\u00fclerinnen und Sch\u00fcler bei ihren individuellen Problemen geht.<\/p>\n\n\n\n<p>Das Ziel ist, dass die Sch\u00fclerinnen und Sch\u00fcler in dieser Zeit wieder f\u00e4hig zu werden, am Regelunterricht zuteilnehmen.<\/p>\n\n\n\n<p><strong><em>\u00d6ffnungszeiten<\/em><\/strong><\/p>\n\n\n\n<p>Montag bis Freitag von 07.35-11.50 Uhr und 13.40-16.55 Uhr<\/p>\n\n\n\n<p>Die Sch\u00fclerinnen und Sch\u00fcler sollen das Wochensoll ihres Klassenstundenplans erf\u00fcllen.<\/p>\n\n\n\n<p><strong><em>Dauer<\/em><\/strong><\/p>\n\n\n\n<p>So kurz wie m\u00f6glich, aber so lang wie n\u00f6tig.&nbsp;<\/p>\n\n\n\n<p>Die Sch\u00fclerinnen und Sch\u00fcler haben es in der Hand, wie lange sie in der Insel bleiben m\u00fcssen.&nbsp;<\/p>\n\n\n\n<p><strong><em>Geplant und ungeplant&nbsp;<\/em><\/strong><\/p>\n\n\n\n<p>Die Sch\u00fclerinnen und Sch\u00fcler k\u00f6nnen geplant oder ungeplant in die Insel verwiesen werden. Dies entscheiden die Lehrkr\u00e4fte. Sind die Sch\u00fclerinnen und Sch\u00fcler im Klassenunterricht nicht mehr tragbar, obwohl p\u00e4dagogischen Ma\u00dfnahmen bereits stattgefunden haben, entscheidet die Lehrperson \u00fcber eine kurzfristige Inselzuweisung. Die Sch\u00fclerinnen und Sch\u00fcler k\u00f6nnen aber aufgrund einer Disziplinarma\u00dfnahme geplant f\u00fcr einen l\u00e4ngeren Aufenthalt (in der Regel nach Stundenplan) in die Insel verwiesen werden.&nbsp;<\/p>\n\n\n\n<p><strong><em>Auftr\u00e4ge<\/em><\/strong><strong><\/strong><\/p>\n\n\n\n<p>Die Sch\u00fclerinnen und Sch\u00fcler erhalten Unterrichtsmaterial von ihren zust\u00e4ndigen Lehrpersonen, das sie in der Insel zu bearbeiten haben. In gewissen Situationen kann es auch vorkommen, dass die Sch\u00fclerinnen und Sch\u00fcler ihre Auftr\u00e4ge zu Hause fertig erledigen m\u00fcssen.&nbsp;<\/p>\n\n\n\n<p>Bei Fragen oder Anliegen steht Ihnen Dan Stengritt (<a href=\"mailto:dan.stengritt@sbl.ch\">dan.stengritt@sbl.ch<\/a> \/ <a href=\"mailto:aginsel.ag.seksi@sbl.ch\">aginsel.ag.seksi@sbl.ch<\/a> ) zur Verf\u00fcgung.<\/p>\n\n\n\n<div class=\"wp-block-file\"><a id=\"wp-block-file--media-fd68e697-c3b1-4b37-964f-4538b4f8236a\" href=\"https:\/\/seksissach.ch\/v4\/wp-content\/uploads\/2025\/03\/Konzept-der-Insel.pdf\">Konzept der Insel<\/a><a href=\"https:\/\/seksissach.ch\/v4\/wp-content\/uploads\/2025\/03\/Konzept-der-Insel.pdf\" class=\"wp-block-file__button wp-element-button\" download aria-describedby=\"wp-block-file--media-fd68e697-c3b1-4b37-964f-4538b4f8236a\">Herunterladen<\/a><\/div>\n\n\n\n<p><br>Bildquelle: pixabay.com<\/p>\n\n\n\n<p><\/p>\n","protected":false},"excerpt":{"rendered":"<p>Die Insel \u2013 Sek. Sissach&nbsp;ist ein&nbsp;Time-in-Angebot f\u00fcr Sch\u00fclerinnen und Sch\u00fcler, die aus unterschiedlichen Gr\u00fcnden nicht am regul\u00e4ren Unterricht teilnehmen.&nbsp;&nbsp;&nbsp;&nbsp;&nbsp;&nbsp;&nbsp;&nbsp;&nbsp;&nbsp;&nbsp;&nbsp;&nbsp;&nbsp;&nbsp;&nbsp;&nbsp;&nbsp;&nbsp;&nbsp;&nbsp;&nbsp;&nbsp;&nbsp;&nbsp;&nbsp;&nbsp;&nbsp;&nbsp;&nbsp;&nbsp; Was ist die Insel? Die \u00abInsel\u00bb ist eine Erg\u00e4nzung der p\u00e4dagogischen Massnahmen und zum vorhandenen Disziplinarkonzept. Sie soll die Klassen, die Sch\u00fclerinnen und Sch\u00fcler und die Lehrpersonen entlasten, indem sie eine kurzfristige Verschnaufpause m\u00f6glich macht.&nbsp; Sie &hellip; <\/p>\n<p class=\"link-more\"><a href=\"https:\/\/seksissach.ch\/v4\/die-insel-ein-time-in-angebot\/\" class=\"more-link\"><span class=\"screen-reader-text\">\u201eDie Insel \u2013 ein Time-in-Angebot\u00a0\u201c <\/span>weiterlesen<\/a><\/p>\n","protected":false},"author":2,"featured_media":2178,"parent":0,"menu_order":0,"comment_status":"closed","ping_status":"closed","template":"","meta":{"pagelayer_contact_templates":[],"_pagelayer_content":"","footnotes":""},"class_list":["post-2176","page","type-page","status-publish","has-post-thumbnail","hentry"],"_links":{"self":[{"href":"https:\/\/seksissach.ch\/v4\/wp-json\/wp\/v2\/pages\/2176","targetHints":{"allow":["GET"]}}],"collection":[{"href":"https:\/\/seksissach.ch\/v4\/wp-json\/wp\/v2\/pages"}],"about":[{"href":"https:\/\/seksissach.ch\/v4\/wp-json\/wp\/v2\/types\/page"}],"author":[{"embeddable":true,"href":"https:\/\/seksissach.ch\/v4\/wp-json\/wp\/v2\/users\/2"}],"replies":[{"embeddable":true,"href":"https:\/\/seksissach.ch\/v4\/wp-json\/wp\/v2\/comments?post=2176"}],"version-history":[{"count":8,"href":"https:\/\/seksissach.ch\/v4\/wp-json\/wp\/v2\/pages\/2176\/revisions"}],"predecessor-version":[{"id":2372,"href":"https:\/\/seksissach.ch\/v4\/wp-json\/wp\/v2\/pages\/2176\/revisions\/2372"}],"wp:featuredmedia":[{"embeddable":true,"href":"https:\/\/seksissach.ch\/v4\/wp-json\/wp\/v2\/media\/2178"}],"wp:attachment":[{"href":"https:\/\/seksissach.ch\/v4\/wp-json\/wp\/v2\/media?parent=2176"}],"curies":[{"name":"wp","href":"https:\/\/api.w.org\/{rel}","templated":true}]}}